1 - 7. Suppose -2*q = -u*q. Let w be q + 0 + -1 + 2. Determine a(w).
-4
Suppose 0 = k + 2*i, -5*k + 18 = 2*i + 2*i. Let z = k - 5. Let f be (1/2)/(z/10). Let a(n) = n + 4. Determine a(f).
9
Let f(s) = s - 11. Let n(p) = 2*p**2 + 3*p + 3. Let h be n(-2). Suppose -4*o + 0*o + 24 = -y, -5*y - h = 3*o. Give f(o).
-6
Let v(y) = y**2 + 14*y + 12. Let a be v(-13). Let g(z) = -6*z - 3. Let m(x) = -x - 1. Let l(t) = a*g(t) + 2*m(t). Give l(1).
5
Suppose -10 = -w - a, -3*a - 2*a - 13 = -4*w. Let j(y) = y**3 - 8*y**2 + 6*y + 9. Let h be j(w). Let x be h + (1 + -2 - -3). Let z(l) = -l + 8. Calculate z(x).
4
Let s be (-2)/(-9) + (-156)/(-27). Let k(m) = -m**3 + 7*m**2 - 5*m + 3. What is k(s)?
9
Let w(h) = -30*h + 35. Let r(q) = 5*q - 6. Let t(n) = -35*r(n) - 6*w(n). Let a be t(-1). Let l(k) = k**3 + 6*k**2 + 5*k - 3. What is l(a)?
-3
Let y(v) = 5*v - 3 - 2 - 3*v - 3*v. Give y(-6).
1
Let v(j) = 2*j**2 + 14*j - 7. Let x be v(-7). Let k(w) be the second derivative of -w**4/12 - 7*w**3/6 - w**2 + 2*w. Calculate k(x).
-2
Let c(u) = -u**2 + 2. Suppose 8 = -2*n + 4*v, -3*n + 2*n + v - 1 = 0. Give c(n).
-2
Let i(u) be the third derivative of 7*u**6/60 - u**5/30 + u**3/6 + 16*u**2. What is i(1)?
13
Suppose -3*p + 10 = -2. Let o = 6 - p. Let t(x) = 4*x - 3. What is t(o)?
5
Let r(o) be the third derivative of -1/60*o**5 + 0 + 1/24*o**4 + 1/2*o**3 + 0*o - 3*o**2. Let a(p) be the first derivative of r(p). Determine a(2).
-3
Suppose -f - 4*x + 18 = 0, 3*x - 8*x = -3*f + 88. Let c(k) = 14*k + 1 + 19*k - f*k. Calculate c(1).
8
Let j(r) be the first derivative of -r**4/4 - 4*r**3/3 + r**2/2 + 3*r + 26. Calculate j(-3).
-9
Let g(f) be the second derivative of -f**5/20 - 5*f**4/12 - f**3 - 5*f**2/2 - 4*f. Let u(l) = l. Let t be u(2). Suppose 0 = t*q - 1 + 9. Calculate g(q).
3
Let q = 2 + -2. Suppose -t + 2*m = 8, -3*m + q*m + 12 = t. Let k(i) = -4 + 5 + i**2 - 4*i + t. Determine k(3).
-2
Let z be (3 - 5)/(2/5). Let y = -4 - z. Let o(h) = 1 - h - y + 2 + 0. What is o(5)?
-3
Suppose 3*w = -1 + 4. Let a be 5*(w - 4/10). Let p(n) = -3*n - n**2 + 5 - a + 4*n**2 - n**3. Calculate p(2).
0
Suppose t - 5*m = 2*t + 16, 4*m = -5*t + 4. Let v(b) = -5*b + 4. Let x(q) = -36*q + 27. Let k(d) = -15*v(d) + 2*x(d). Give k(t).
6
Let t be 2/(-6) - 4/6. Let m be 1/(1/(-5)*t). Let p(o) be the first derivative of o**3/3 - 2*o**2 - 5*o + 11. Determine p(m).
0
Let j(a) be the second derivative of a**4/12 - 5*a**3/6 - 2*a**2 - 5*a. Give j(7).
10
Let p(f) be the first derivative of f**4/4 + f**3 + f**2 - f - 1. Calculate p(-2).
-1
Let h(p) = -7*p - 2. Let g(s) = 13*s + 3. Let x(n) = -3*g(n) - 5*h(n). Determine x(2).
-7
Suppose -f = 2*f - 3. Let x be -1 - (2 - 1)/f. Let u = 4 + x. Let t(j) = -j**3 + 2*j**2 - 2*j. Determine t(u).
-4
Let v(u) be the third derivative of -u**4/12 - 2*u**3/3 + 7*u**2. What is v(-3)?
2
Let g(k) = -k**3 - 2*k**2 - 3. Let y = -8 + 13. Suppose -2*n - 4*c + c = 12, -y*n = -2*c + 11. Calculate g(n).
6
Suppose -d - 4 = 0, 2*s - 14 = 3*d - 6. Let a(n) = -n**3 - n**2 - 2*n - 1. Determine a(s).
7
Let a(f) = -f**3 + 4*f**2 - 2*f - 2. Let m = -1 - -5. Suppose y + 290 = -m*y. Let t be y/(-18) - (-2)/(-9). Determine a(t).
1
Let s(g) be the second derivative of g**7/840 + g**6/90 - 7*g**5/120 - g**4/4 - 2*g**3/3 + 4*g. Let x(c) be the second derivative of s(c). What is x(-5)?
4
Suppose 3*j + 12 = j. Let b be (-24)/(-14) + j/(-21). Suppose -10 = 3*l + 2*g, -5*g + b = l + 14. Let v(p) = p**2 - p - 1. Calculate v(l).
5
Let p(x) = x + 1. Let w be 26/91 - 33/(-7). Determine p(w).
6
Let a(u) = -2*u**3 - 2*u + 3. Let s(j) = -3*j**3 + j**2 - 2*j + 3. Let z(c) = -4*a(c) + 3*s(c). Suppose -3*h + 11 - 2 = 0. Calculate z(h).
3
Let s be 2*-2 + (-10)/(-5). Let h(d) = -2*d**2. What is h(s)?
-8
Let m(q) = 0*q**3 + q**3 - 2*q**2 + 8*q**2 + 8 - 7*q + 10*q. Determine m(-6).
-10
Suppose -2*j + 9 = 3. Let t(c) = 3. Let w(s) = s + 1. Let b(q) = -t(q) + 2*w(q). Calculate b(j).
5
Let j(g) = 4*g - 42. Let u(k) = k - 8. Let c(q) = 3*j(q) - 16*u(q). Let v = -2 + 5. Determine c(v).
-10
Let k(s) = -s**2 + 4*s - 1. Let y(g) = -3*g + 12. Let z be y(9). Let f be 2/(-5) + (-81)/z. Determine k(f).
-6
Let p(z) = -3*z**3 - 17*z**2 + 14*z + 14. Let f(a) = -a**3 - 6*a**2 + 5*a + 5. Let t(n) = 11*f(n) - 4*p(n). What is t(-3)?
-7
Let m(c) = 2 + c - c**3 + 1 - 4 + c**2. Let f(b) = -7*b**3 + 3*b**2 + 5*b - 3. Let n(i) = -f(i) + 4*m(i). Let y = -11 - -10. Determine n(y).
-2
Suppose -20 = h - 6*h, y - h = 0. Let s(c) = 2*c - 6. Determine s(y).
2
Let k(q) = q**2 - q + 2. Let a be k(0). Let m(o) = -o**2 - o + 6 - 7 + 5*o**a - o**3. Give m(2).
5
Let q(t) be the second derivative of 13*t**4/12 - t**2/2 + 9*t. What is q(1)?
12
Let s(o) = -o**2 + o. Let k(m) = -2*m**2 + 3*m - 1. Let j be ((-2)/4)/((-4)/32). Let x = 5 - j. Let f(q) = x*k(q) - 3*s(q). Give f(1).
0
Let m(o) = -5*o + 2*o**2 - 6*o + 1 + 14*o. Let a be (-4)/(-6) - 24/9. What is m(a)?
3
Let s(u) = -u**3 + u**2 - u - 1. Suppose 1 + 3 = -2*l. Let v(i) = -i. Let d be v(l). Let c be d - (-1 - (-3)/1). What is s(c)?
-1
Let t(f) = -7*f**3 + 7*f**2 - 10*f. Let g(b) = 6*b**3 - 7*b**2 + 9*b. Let q(r) = -6*g(r) - 5*t(r). Suppose -a - m = -2*m - 5, a + 4*m - 10 = 0. Determine q(a).
12
Let i(u) = -u - 2. Let z(r) = r + 6. Let y be z(-6). Suppose -c = -3*k + 2, 5*c - k + 3*k - 24 = y. Give i(c).
-6
Let o(s) be the second derivative of -s**4/12 + 5*s**3/6 - 3*s**2 - 3*s. Suppose -2*i = -6*i + 56. Let l be i/2 + (0 - 3). What is o(l)?
-2
Let s(g) = g**3 + 3*g**2 + 4*g + 2. Let w = -22 + 20. Calculate s(w).
-2
Let s(r) = -r**2 - 4*r - 5. Let m = -11 - -7. Give s(m).
-5
Let w(d) = -d**2 + 6*d + 5. Let p be w(6). Let h(m) = m + 1. Determine h(p).
6
Let c(k) = 12*k. Suppose 3*g + 7 = -2*r, g + 2*r + 0 = -5. Determine c(g).
-12
Suppose 0 = b - 5*i, -b - b + 15 = 5*i. Let t(a) = 2 + 0 - a**3 + b*a**2 + 2*a - 2*a - 4*a. Calculate t(4).
2
Let f(u) be the third derivative of u**5/60 - 5*u**4/24 - u**3/2 - 2*u**2. Let l(i) = 0 + i**2 + 0 - 1 - i. Let b be l(3). Give f(b).
-3
Let z = 2 + -4. Let m(y) be the third derivative of -y**7/2520 - y**5/30 - 2*y**2. Let j(x) be the third derivative of m(x). Calculate j(z).
4
Let b(o) = -1 + o**2 - o**2 + 3*o**2. Let t = -6 + 5. Let f be b(t). Let g(a) = 2*a - 3. Calculate g(f).
1
Let m(g) be the first derivative of 1/3*g**3 + 5/2*g**2 + 2 + 6*g. Give m(-4).
2
Suppose -3*w + 4*o + 19 = 0, 4*w - 18 + 2 = -4*o. Suppose -y - w = -9. Let c(a) = 5*a**2 - 2 - a**3 + a - 3*a + 0*a**3. Give c(y).
6
Let a(y) = 16*y**3 - 17*y**3 + 7 + 12*y**2 + 9*y - 3*y**2. Give a(10).
-3
Let d = 28 + -25. Let n(u) = 11*u**3 - 6*u**2 + 8*u - 1. Let r(s) = -4*s**3 + 2*s**2 - 3*s. Let j(p) = 3*n(p) + 8*r(p). Give j(d).
6
Suppose -3*z + 8*z = -5. Let w(o) = -4*o - 1. Calculate w(z).
3
Let c = 8 + 7. Suppose t + 4*t = c. Let w(o) be the third derivative of o**6/120 - o**5/20 + o**3/2 - o**2. Calculate w(t).
3
Let b(g) = -g**3 - 7*g**2 - 5*g + 1. Suppose -17 = -3*r + 2*m, -5*r + 3*m = -m - 31. Suppose 4*u = 3*t - 18, -3*u + r*t - 19 = -7. Give b(u).
-5
Let o(k) = k**3 + 5*k**2 + 6. Let i = 2 + 1. Suppose i*d = -2 - 13. What is o(d)?
6
Let p(y) be the third derivative of 0*y**3 + 0 + 2*y**2 + 0*y + 1/8*y**4. Calculate p(-2).
-6
Let o(m) be the second derivative of -5/6*m**3 + 0 + 3/2*m**2 + 1/12*m**4 - 4*m. Calculate o(2).
-3
Let u(c) = c**3 - 5*c**2 + 3*c + 4. Let d(i) = i**3 + 4*i**2 + 2*i - 2. Let z be d(-3). Let w be 6/(-2 + 4/z). Calculate u(w).
-5
Let h(d) = 2 + 7 - 6 + 4*d. Determine h(-2).
-5
Let p = 12 + -10. Let q = 3 - 1. Let x(u) = 2 + u**2 + 3*u - 3 - q. Give x(p).
7
Suppose -o - o - 4*y = -14, 5*o - 3*y - 9 = 0. Suppose -c + 4*c = o. Let g(v) = 5*v**3 + 1. Determine g(c).
6
Let y(v) be the first derivative of v**3/3 + v**2/2 + v + 1. Suppose 39*z = 37*z - 6. Determine y(z).
7
Let c(d) = 3*d + 1. Let j be (-1)/(1 - (2 + 0)). Let b be (-3)/(j + 15/(-6)). Suppose -b*p - 20 = 4*g + 2*p, -2*g - 5*p - 16 = 0. What is c(g)?
-8
Let d(n) = -9*n**2 - 5*n + 2. Let q(h) = 17*h**2 + 9*h - 4. Let t(f) = 11*d(f) + 6*q(f). Calculate t(2).
8
Suppose 0*x + 5*d = -x + 12, 0 = -3*x - 5*d + 16. Let s(r) be the first derivative of r**4/4 - 2*r**3/3 + 3*r**2/2 - r - 6. What is s(x)?
5
Let u(z) = -3*z**3 - 4*z**2 + 8*z - 2. Let g(w) = -5*w**3 - 8*w**2 + 15*w - 3. Let c(x) = 4*g(x) - 7*u(x). Give c(4